 -2*g - 4*a + 3 + 5 = 0, 3*g + 2*a = 8. Let z be (6 - g)*(0 + 1). What are the prime factors of -2 - (-2*z + 1)?
5
Suppose -g + 23 = -0. What are the prime factors of g?
23
Let a(o) = o + 26. Let j be a(0). Suppose -5*q + j = -14. List the prime factors of q.
2
Let g(i) = -i**3 - i**2 + 4. Let y be g(0). List the prime factors of 15 - (-2 - -2)/y.
3, 5
Suppose -3*r = -5*b + b + 701, -r + 353 = 2*b. What are the prime factors of b?
2, 11
Suppose 0 = 3*b - 29 - 70. Let w be 1/(b/(-18) + 2). Suppose 0 = -m + 4, 2*d - w*d = 2*m - 36. What are the prime factors of d?
7
What are the prime factors of 81/(-6)*(-5 - -3)?
3
Let x(h) = -h + 5. Let u be x(6). Let r = u - -1. Suppose 0 = -t - 2*f + 13, t + t + f - 26 = r. What are the prime factors of t?
13
Suppose 6*y - 12 = 3*y. Suppose 71 = 2*g + 5*n, -n + 10 = y*g - 87. Suppose -2*c = -1 - g. What are the prime factors of c?
2, 3
Suppose 2*w = -8, -c + 2*c + w + 7 = 0. List the prime factors of (-15)/c - (-2 - -2).
5
Suppose -3*a - 3*z - 12 + 87 = 0, -z - 100 = -4*a. Suppose 2*x + 0*x - u = 62, -a = -x - u. List the prime factors of x.
29
Suppose 3*l = 4*a + 265, -5*l + 437 = -3*a + a. Suppose 3 = n, -2*y + 5*n = -5*y + l. What are the prime factors of y?
2, 3
Let k(z) = -2*z + 3. What are the prime factors of k(-6)?
3, 5
Suppose 5*w = a + 18, -2*a = -2*w + 12 - 0. Let n be 15 - (-1 - a/3). Let l = -11 + n. List the prime factors of l.
2
Suppose -3*d + 2*k = 16, d + 3*d + 19 = 5*k. Let g = d + 10. Suppose -g*p + 58 - 24 = 3*t, -4*p = -16. What are the prime factors of t?
2, 3
Let r(k) be the second derivative of k**4/12 + k**3/2 + 5*k**2/2 - 2*k. Let n be r(-6). Suppose 5*c - 7 = n. List the prime factors of c.
2, 3
Suppose 2*q + 4*z = 30, 5*q = -z - z + 115. Suppose -4*m + q + 47 = 0. What are the prime factors of m?
2, 3
What are the prime factors of ((-8)/(-4))/6 + 6860/21?
3, 109
Suppose -x + 96 = -5*y + 276, -y = 4*x - 15. List the prime factors of y.
5, 7
List the prime factors of (-276)/(-9) + 0 - (-1)/3.
31
Suppose 4*y - y - 15 = 0. Suppose -9 = 4*u - y*q - 186, 5*u = -4*q + 211. List the prime factors of u.
43
Suppose -7*h = -2*h + 75. What are the prime factors of (-366)/h + 2/(-5)?
2, 3
Let d = 30 + -12. Let g = -13 + d. List the prime factors of g.
5
Suppose 2*v = 3*v. Let i = v + 2. Suppose g + 3*q - 18 = q, -i*g = -5*q + 9. List the prime factors of g.
2
Let y be 18 - 1/(1/(-2)). Suppose -2*o + o - y = 4*z, -3*z - 15 = -3*o. Suppose -3*c + 0*c + 36 = o. List the prime factors of c.
2, 3
Suppose 0*g + 4*k + 50 = -g, -3*g = 4*k + 118. Let t = 59 + g. What are the prime factors of t?
5
Suppose -o + 574 = 3*q + 81, 3*q = o + 503. List the prime factors of q.
2, 83
Suppose -4*g + 337 = 3*b - 2*b, -5*b = 5*g - 425. List the prime factors of g.
2, 3, 7
Let b(o) = o**2 + 4*o + 3. Let k be b(-3). Suppose k = h - 0*h - 15. What are the prime factors of h?
3, 5
Let r(j) = j**3 - 15*j**2 + 14*j + 19. What are the prime factors of r(14)?
19
Suppose -3*o = -3*d - o + 42, 3*d + 4*o - 24 = 0. List the prime factors of d.
2, 3
Let w(l) = 7*l**3 - l**2 - l + 1. Let j be (-6)/33 - (-13)/11. What are the prime factors of w(j)?
2, 3
Let g(r) = r**2 + 7*r + 3. Let u be g(-7). Suppose -j + 4*j - 20 = 2*n, u*n + 32 = 5*j. Suppose m - 35 = -j*m. What are the prime factors of m?
7
Suppose 2*y + 505 = -5*k + 3*y, 0 = -5*k - 2*y - 520. List the prime factors of (2 - (-15)/(-6))*k.
3, 17
Suppose -f = a - 96, 4*a - 412 = 2*f + f. What are the prime factors of (a/3)/((-4)/(-6))?
2, 5
Let h = -15 + 22. Suppose -h*r + 60 = -r. What are the prime factors of r?
2, 5
Let x(r) = 1 - 2 - r + 0*r. Let y be x(-3). Let v = 4 + y. List the prime factors of v.
2, 3
Suppose -5*q = 5*z - 15, -2*q = -2*z - 10 + 4. Suppose 2*m + 198 = -z*s + 3*s, 3*m = s - 66. Suppose -6 = 5*a - s. List the prime factors of a.
2, 3
Suppose -2*v - 96 = -5*v. Suppose 5*z - 3*z = v. What are the prime factors of z?
2
List the prime factors of (6/(-3))/(2/(-32)).
2
Let m(t) = t**3 + 4*t**2 - 2*t - 1. Let x be m(-4). Let h be (-2 + 16/6)*3. Suppose 25 = x*u - h*u. List the prime factors of u.
5
What are the prime factors of (1 - -4)/((-6)/(-48))?
2, 5
Let c = -2 - -5. What are the prime factors of (-10)/15 - (-23)/c?
7
Let o = 3 - 2. Suppose r + o = -1. List the prime factors of 1*(7 - (r + 2)).
7
Let f(m) = m**3 - 13*m**2 + 2*m + 9. What are the prime factors of f(13)?
5, 7
Suppose 2*s = -m + 135, s + 0*m - 60 = -2*m. List the prime factors of s.
2, 5, 7
List the prime factors of (0 + 13/5)*(-25 - -90).
13
Let d(t) = 10*t. What are the prime factors of d(2)?
2, 5
Suppose -5*f - 4*n + 536 = 0, 2*n = -3*f + 523 - 201. Let j = -71 + f. What are the prime factors of j?
37
Let t be (-12)/(-8) - (-219)/(-6). Let h = -9 - t. What are the prime factors of h?
2, 13
Suppose 4*z - y = 237, -4*z + 13 = -3*y - 226. List the prime factors of z.
59
Suppose 4*c - 16 = -2*q - 0*c, 0 = 4*q - c - 68. What are the prime factors of q?
2
Let i(n) = 3*n - 11. Let q be i(-9). Let j = -4 + 1. What are the prime factors of 1/j + q/(-6)?
2, 3
Let y(m) = m**3 - 3*m**2 + 2*m + 2. Let a be y(2). Let u(k) = 2*k**3 - k**2 - 2*k + 1. What are the prime factors of u(a)?
3
Let d(b) = 27*b**2 + 3*b - 1. List the prime factors of d(1).
29
Suppose 1 = -4*d + 9. Suppose -45 = -3*b + d*b. Suppose 0*o + 5*o - b = 0. What are the prime factors of o?
3
Let q(c) = 18*c**2 + c. What are the prime factors of q(1)?
19
Let s = -3 - -4. Let g(v) = 49*v**2. Let q be g(s). Suppose -4*a = 3*y - q, -a + 4 = -0*a. List the prime factors of y.
11
Let y(v) = 2*v**2 - 9*v + 9. List the prime factors of y(8).
5, 13
Let k be 61*(3 + (0 - 0)). Suppose 3*d - k = -42. Let q = d + -31. List the prime factors of q.
2
Let b = -9 - -22. List the prime factors of b.
13
Let k(o) = -o + 20. List the prime factors of k(15).
5
Suppose -4 = -b - 6, -4*j - 3*b + 238 = 0. What are the prime factors of j?
61
Let v be 2 - (1 - (0 - 3)). Let d = v + 4. List the prime factors of d.
2
Let m(y) = y**3 - 5. Let k be m(0). Let c be -6*((-45)/(-6))/k. List the prime factors of 6/((-4)/((-48)/c)).
2
Let j(q) = q**2 + 9*q + 8. Let y be j(-8). Suppose 0 = -2*a + 4, -2*a = -y*d - 2*d. List the prime factors of d.
2
Suppose -2*l + 2*h + 461 = 5*h, 5*h + 15 = 0. What are the prime factors of l?
5, 47
Let n(m) = m - 9. Let x be n(-3). List the prime factors of (x/10)/(1/(-35)).
2, 3, 7
Let b(y) = -y**2 + 4*y + 6. Let i be b(5). Let j be (-30)/(-18) + i/3. List the prime factors of j/(-3)*33/(-2).
11
Let l(y) be the second derivative of y**3/6 + 11*y**2/2 + 3*y. List the prime factors of l(-5).
2, 3
Let w(y) be the second derivative of -y**5/20 + 7*y**4/12 + y**3/3 + 5*y**2/2 + y. What are the prime factors of w(7)?
19
Let a = -5 - -8. Suppose 2*x - a*x = -5. Suppose 11 = 4*v + 5*q, -x*v + 4*q + 24 = -0*q. List the prime factors of v.
2
Let q = 5 - 6. Let t be 3/q + 0 + 1. List the prime factors of (-19)/(-2) + (-1)/t.
2, 5
Suppose r - 3*r = 0. Suppose w + 5 = 3*x, x + 3*x + 2*w + 10 = r. Suppose -b + 5 = x, b - 2*b = -3*m + 22. List the prime factors of m.
3
Let b be 4/(-12)*0 - -2. Suppose 24 = 2*u - 4*t, 5*u - 82 = 4*t - 4. What are the prime factors of b/(-8) - u/(-8)?
2
Suppose -3*s - 5*i = -138, s - 2*i - 117 = -2*s. List the prime factors of s.
41
Suppose -4*v - 80 = -8*v. What are the prime factors of v?
2, 5
Let j(i) = -i. Let a(m) = 5*m. Let o(n) = -a(n) - 2*j(n). What are the prime factors of o(-3)?
3
Let b be (-30)/7 - 6/(-21). Let n(m) = -m**2 - 6*m - 6. Let y be n(b). List the prime factors of y*(-1)/(-2) + 12.
13
Let g be (9/(-3))/(-1*1). Suppose -2*n + 0*n - g*o - 4 = 0, -11 = -3*n + 4*o. Let x = 4 - n. What are the prime factors of x?
3
Suppose -2*d - 9 = -29. What are the prime factors of d?
2, 5
Suppose d + d - 4*g - 8 = 0, 0 = 4*d - 5*g - 13. Let s(r) = 3*r + r**3 + 2*r**2 - 6 + 5*r**d + 0*r. What are the prime factors of s(-6)?
2, 3
Let k(u) = -u**2 + 10*u - 5. Let d be k(8). Let o = d + -6. List the prime factors of o.
5
Let a = -208 + 348. What are the prime factors of a?
2, 5, 7
Let r be 2 - (28 - 4)/3. Let l(n) = -2*n**3 - 2*n**2 + 1. Let q be l(-2). Let z = r + q. List the prime factors of z.
3
Suppose 0*z = -3*z + 12. Suppose -5*b = -0*f + f + 96, z*b = 2*f - 88. What are the prime factors of (-2 - -1)/(2/b)?
2, 